137
Let a be (1 - 2)*-1 + 4. Suppose 0*y + y = 4. Suppose -t = -5*t - 2*w + 156, -y*t + 156 = -a*w. What are the prime factors of t?
3, 13
Let m = -2599 - -5720. List the prime factors of m.
3121
What are the prime factors of (3 - (-6 + -1173)) + 4?
2, 593
Let m = -690 + 1430. List the prime factors of m.
2, 5, 37
Let h(z) = 76*z**2 - 29*z + 9. List the prime factors of h(-5).
2, 13, 79
Suppose 7*y - 12*y = -20. Let b(t) = 0*t - 10*t - 32*t**2 + 0*t + 35*t**2 + 6. What are the prime factors of b(y)?
2, 7
Let w be ((-2)/10 - 66/(-30)) + 75. Suppose -188 + 21 = -5*j - 3*f, -4*f = -3*j + w. List the prime factors of j.
31
Suppose -7*s + 3*s + 272 = 0. What are the prime factors of 3 - 17/(s/(-120))?
3, 11
Let y = -2119 - -3453. List the prime factors of y.
2, 23, 29
Let g(f) = f + 12 - 2*f - 4 + 3*f**2. Let r(l) = -6*l**2 + 2*l - 15. Let c(k) = -7*g(k) - 4*r(k). What are the prime factors of c(-3)?
2, 17
Let r(g) = -37*g**2 - 3*g + 2. Let c(y) = 18*y**2 + y - 2. Let f(l) = 5*c(l) + 2*r(l). List the prime factors of f(-3).
3, 47
List the prime factors of (6 - (7 - 4)) + 3675.
2, 3, 613
Let p(t) = -5*t + 15. Let h be p(2). Let w(m) = m**3 + 5*m**2 - 7*m - 1. Let n be w(-6). Suppose 4*l - 12 = 0, h*q = q + l + n. What are the prime factors of q?
2
Let q be (48/(-36))/(0 - (-2)/(-3)). Suppose 0 = 3*l + 2*f - 312, -q*l = -2*f - 149 - 69. List the prime factors of l.
2, 53
Let x = 22 - 15. Suppose 11*o - 128 = x*o. List the prime factors of o.
2
Suppose 2*t = -3*i + 17, 4*t + 0*i - 19 = -i. Suppose y - t = -1. Suppose -12 = -2*p - 2*h, 2*p + h + y*h = 10. List the prime factors of p.
7
Suppose 4*s = -y + 317, -5*s - 5*y = -2*y - 398. Let k = 190 - s. What are the prime factors of k?
3, 37
Let r(o) = 7. Let n(t) = -t. Let f(c) = 5*n(c) - r(c). What are the prime factors of f(-3)?
2
Suppose 5*b = -2*m + 73, -4*b = -5*m + 70 + 30. Suppose d + m = 1. Let w = d - -32. What are the prime factors of w?
3
Suppose 43*o - 30*o - 30862 = 0. List the prime factors of o.
2, 1187
Let m = -301 - -757. List the prime factors of m.
2, 3, 19
Let d(k) = -8*k**3 - 3*k**2 - 13*k - 30. Let t be d(-5). Suppose -t = -7*p + 1035. What are the prime factors of p?
3, 5, 19
Let u(g) = g**2 - g + 1. Let c(i) = 3*i**2 + i + 1. Let t(q) = c(q) - 2*u(q). Let d = 5 - 10. What are the prime factors of t(d)?
3
Let w = 262 - 157. Suppose -103*m = -w*m + 214. What are the prime factors of m?
107
Let p(o) = -12*o + 8. Let b be (-6)/(-8)*-9 + (-6)/(-8). What are the prime factors of p(b)?
2, 5
Let h = -337 + 728. What are the prime factors of h?
17, 23
Suppose 6*h + 11 = 89. Let v(f) = 2*f**2 - 2*f - 12. List the prime factors of v(h).
2, 3, 5
Let r = -42 - -39. List the prime factors of (-8760)/(-96) - r/4.
2, 23
Let k(c) = 11*c - 7. Let z(d) = d - 14. Let a be z(11). Let l be k(a). Let r = l + 70. List the prime factors of r.
2, 3, 5
Suppose r + 2*l = 43 - 14, -r + 19 = -3*l. List the prime factors of r.
5
Let h(q) = q**2 - 8*q + 17. Let o be h(6). Suppose -2*d + 3*x + 234 = 0, 0*x - 592 = -o*d + 4*x. List the prime factors of d.
2, 3, 5
Suppose 8*k = 3*k + 2*t + 37, -2*k - 3*t = -11. Suppose -3*c + 191 = -5*j, -2*c = -k*c - 2*j + 308. List the prime factors of c.
2, 31
Suppose -5*m + 266 = 2*m. What are the prime factors of 3*m - (2 + -6)?
2, 59
Let h be (-1)/5 - 301/(-5). Let t = h + -30. List the prime factors of t.
2, 3, 5
Let h = -9 + 14. Suppose 0 = -h*j - k + 95, 2*k = 3*j - k - 57. Suppose -1 = l - j. What are the prime factors of l?
2, 3
Let q(x) = 20*x**2 - x - 3. Let s be q(5). Suppose 5*t = t + s. List the prime factors of t.
3, 41
Suppose -2*d = 16 - 46. Let n(o) be the second derivative of -o**5/20 + 5*o**4/4 + o**3/2 - 2*o**2 - 8*o. List the prime factors of n(d).
41
Let j(u) = 271*u + 95. What are the prime factors of j(19)?
2, 3, 19, 23
Suppose -2 = -b - 0*b. Suppose 3*j = 4*j - b*o - 49, 0 = -5*j + 3*o + 231. List the prime factors of j.
3, 5
Let w = 103 - 70. Let i = w - 28. What are the prime factors of -8*i*(-16)/20?
2
Suppose -c + 3*j + 123 - 569 = 0, 1757 = -4*c + 3*j. Let g = c - -759. What are the prime factors of g?
2, 7, 23
Let t(i) = -5*i + 2 - 5 + 2. Let p be t(-5). Suppose s = 4*f + 21, 4*s - f = 3*s + p. What are the prime factors of s?
5
Suppose 3*o = -w + 4*w + 9, 3*w + 2 = 2*o. Suppose -2*g - 10 = -o*g. Suppose -g*k + 26 = 2*a, -2*k = -a + 4 + 21. List the prime factors of a.
17
Suppose 0 = 8*j - 4*j + 84. Let x = j - -23. Suppose 5*s = x*l + 193, 7 - 52 = -s + 2*l. List the prime factors of s.
37
Suppose 4*t = -0*t. Suppose l - 5*l = 0, -2*x - 2*l - 24 = t. List the prime factors of x/102 - (-1056)/17.
2, 31
Let c be 5*((-2)/13 - (-15)/13). Suppose -3*k + c*k = 276. List the prime factors of k.
2, 3, 23
Let o(t) = -2*t + 2. Let m be o(3). Let d(j) = -2*j**2 - 4*j + 3. Let h(i) = -i. Let w(f) = -d(f) + 2*h(f). What are the prime factors of w(m)?
3, 7
Let n(r) = -1781*r**3 + 6*r**2 - 3*r - 4. What are the prime factors of n(-1)?
2, 19, 47
Suppose -3*g = g + 2*o - 102, 5*o - 63 = -2*g. Suppose 6*n = 10*n + g. Let v(j) = 2*j**2 + 6*j - 8. What are the prime factors of v(n)?
2, 7
Let m be (-1014)/(-2) - (-1 + -2). Suppose 4*d + 18 = m. Let q = d - 78. List the prime factors of q.
3, 5
Suppose 5*k - 506 = -3*x - x, 5*k - 377 = -3*x. Let c = 264 - x. List the prime factors of c.
3, 5
Let h = -759 - -383. Let s = h + 543. List the prime factors of s.
167
Suppose -2*u + 4*x + 5378 = -4974, -u + 5181 = -3*x. What are the prime factors of u?
2, 3, 7, 41
Suppose 0 = -10*o + 439 + 1521. List the prime factors of o.
2, 7
Let m = -71 + 36. Let h = 78 + m. What are the prime factors of h?
43
Let t(y) = -y**3 + 11*y**2 + 17*y + 2. Let p(h) = -7*h + 5*h + 5 + 14 + 3*h. Let j be p(-7). List the prime factors of t(j).
2, 31
Suppose 0 = 3*i - 3, i = s - 3*s + 12511. List the prime factors of s.
3, 5, 139
Let x(d) = 8*d - 3. Let z be x(-4). Let b be (-4)/(-14) - (-10)/z. Suppose b*m - m = -10. List the prime factors of m.
2, 5
Suppose q + 7*l - 975 = 9*l, -1960 = -2*q + 2*l. What are the prime factors of q?
5, 197
Let t be 3/((-3)/292)*12/(-3). Suppose 8*j + t = 12*j. List the prime factors of j.
2, 73
List the prime factors of 426/5*(2 + 23).
2, 3, 5, 71
Let o(y) = 2*y**2 + 37*y + 158. List the prime factors of o(-46).
2, 3, 7
Let x be (-24)/(-11) + -2 - (-252)/66. Suppose -h + 539 = 3*o, -4*o + x*h = -h - 725. List the prime factors of o.
2, 3, 5
Let c = 10 + -8. Suppose -3*x - 15 = 3*o, -o - c*x = 1 + 7. List the prime factors of (-198)/55*15/o.
3
Let q(z) = -788*z - 8. List the prime factors of q(-1).
2, 3, 5, 13
Let c(a) = a. Let m be c(3). Suppose 0 = -5*y - 5, -4*n = -3*n - m*y + 13. Let t = n - -39. List the prime factors of t.
23
Let n(z) = -3*z + z**2 - z**2 + 16*z + z**2. Let x be n(-14). Let g = 25 - x. List the prime factors of g.
11
Let m(x) be the second derivative of -x**5/20 + x**4 - 7*x**3/2 - 9*x**2/2 + 3*x. What are the prime factors of m(9)?
3, 5
Suppose -9 + 185 = -h. Let p = h + 354. What are the prime factors of (-4)/22 - p/(-11)?
2
What are the prime factors of (-149170)/(-42) - (-1 + 7)/(-18)?
2, 3, 37
Let t = 170 + 40. List the prime factors of t.
2, 3, 5, 7
Let r(t) = -t**3 - 2*t**2 + 6. Let y be r(-3). List the prime factors of (-333)/y*(1 - 6).
3, 37
Let d(k) = 2*k - 2. Let h be d(2). Suppose 2*u - h = -0*u. List the prime factors of 23 + -9 - (u - 2).
3, 5
Let d(l) = 5*l**2 - 3*l - 4. Let p be d(-1). Suppose 0 = 6*z - p*z - 212. List the prime factors of z.
2, 53
Suppose -3*i + 117 = -57. Let o = 8 + i. What are the prime factors of o?
2, 3, 11
Let q be 16/3*30/20. Suppose -3*o - o + q = 0. Suppose o*y = 18 + 8. List the prime factors of y.
13
Suppose 0 = 3*r + 9 - 234. Let m be (r/(-2))/(9/18). Let v = m - -124. What are the prime factors of v?
7
Let p(x) = -2*x**2 + 10*x + 5. Let y be p(5). Suppose y*j = 257 - 37. List the prime factors of j.
2, 11
Let a = 221 - 228. Let o(j) = 0*j + 3 + 0*j - j. List the prime factors of o(a).
2, 5
Let o = 3528 - 2251. List the prime factors of o.
1277
Let h be (-2)/(-4)*(-6)/3. Let k be (-2)/(-3)*3 - 1. What are the prime factors of 0 - (24 - k)*h?
23
Let b(i) = -17*i - 1. Let p be (-3)/18 - (-5)/(-6). Let g be b(p). Suppose -229 = -5*h + g. List the prime factors of h.
7
Suppose 1166 = -3*v + 5*j + 558